 (4 - 5).
-3
What is -21 + 21 + (13 + -52 - -12)?
-27
Calculate 3 - 1 - (-8 - (-8 + 2 + 7)).
11
2 + -4 - ((-6 - 19 - 0) + 7)
16
What is the value of (-3 - -3) + 7 + -12 - -3?
-2
Evaluate -6 - (11 + -2 + (-2 - (6 + -5))).
-12
What is (2 + 8 - 9) + 15 + -8?
8
(13 - 12) + 5 - 8
-2
Evaluate 17 - (11 + (8 - 2 - 9)).
9
Calculate (16 - (1 + -4)) + -73 + 42.
-12
Calculate 16 - 5 - (-14 + 11 - -10).
4
-5 + -3 + 3 + -5 + 12
2
Evaluate 6 - (-1 + (-21 - -33)).
-5
Evaluate -19 - -18 - (-13 + -5 + 3).
14
-5 - -30 - ((-3 - -10) + (-1 - 1))
20
-2 - (14 - (-4 + 11)) - (0 + 3)
-12
-17 + -3 + 8 + (-9 - -3 - -4)
-14
Evaluate -6 + 37 + 5 + -19.
17
Evaluate (11 - ((-1 - -2) + 6)) + -8 - -19.
15
What is 2 + -1 + (-6 - -10) + -3 - 15?
-13
Calculate (3 - (12 - -4)) + (-24 - -37).
0
What is the value of -21 + 18 - ((-4 - -6) + 4)?
-9
230 + -220 - (2 - (2 - -2))
12
(-23 - (-1 - 8)) + 5
-9
What is 48 - 46 - (-2 + -1)?
5
Evaluate 1 - (0 + -39 + (-92 - -105)).
27
Calculate -3 + 28 - (25 - (29 - 6)).
23
What is the value of (15 - (15 + -6)) + -6?
0
15 - ((4 - (10 + 4)) + 4) - 7
14
-11 + -51 + -1 + 34
-29
21 - ((90 - 85) + 2 + -3)
17
Evaluate (-3 - 2 - (8 + -8) - -5) + 2.
2
Evaluate 17 - (9 - -9 - -3) - 9.
-13
Evaluate -16 + -21 + 33 + -13.
-17
What is 8 - (-9 + (28 - -3 - (13 + -8)))?
-9
What is -8 + (-1 - -1) + 0 + 78 + -77?
-7
-2 + -5 + 5 + (28 - 15)
11
What is -5 + (-1 - -1) - (-13 + 5 + -19)?
22
What is the value of 18 + (3 - 5) - (1 + (-16 - -13))?
18
Evaluate 7 + -2 - (-29 + 36).
-2
What is the value of 0 + (-1 - 0) - -9?
8
What is the value of 5 + 16 + -31 - ((-2 - -4) + 2)?
-14
6 + 0 + 31 + -39 - (-4 + 23)
-21
7 + (10 - (0 + 25))
-8
What is -162 + 165 - (1 + 0) - (2 + 0)?
0
What is the value of -20 + 58 - 21 - -3?
20
What is the value of (-11 - -19 - 14) + (2 + -4 - -32)?
24
(-8 - (-3 - -12)) + 7
-10
Calculate 1 + 58 + -26 - 13.
20
Evaluate 10 - -2 - (9 + 14).
-11
-1 + (5 - (22 + -9)) + 6
-3
Calculate -2 + (6 - -2) - (5 - (60 - 41)).
20
What is -5 + (-5 - (-10 - 28)) - (-1 + 6)?
23
Calculate 14 + -1 + 1 + 25 + -44 + 18.
13
Calculate (15 - (0 - -9)) + -18 + 1.
-11
Calculate 18 - (4 + -18 + 21).
11
Calculate (-5 - 2) + 16 + 7.
16
Evaluate -82 + (9 - -1) + 44.
-28
Evaluate 5 - (-1 - (-1 + 4) - -9).
0
Evaluate 5 - (7 - 8 - 4).
10
-1 + -1 - (-13 + -5 + 0 + 9)
7
Calculate 1 - -15 - (55 + -27).
-12
Evaluate -3 - (6 + (-17 - (-20 - -9))).
-3
What is 21 + ((10 - 3) + -17 + 5 - 2)?
14
Calculate (0 - 14) + 52 + -35 + 19.
22
Calculate 3 + (21 - ((8 - 0) + 2)).
14
-1 + 7 + (-84 + 84 - (-2 + 1))
7
(-8 - -6) + -6 + (-4 - -14)
2
Calculate -3 + -8 - (-11 + 8 - -13).
-21
What is -2 + 6 - (21 - 34 - -16)?
1
Calculate (-26 - -50) + -20 - (2 - 2 - 0).
4
Calculate 2 - 0 - (-1 - -14) - (-1527 + 1528).
-12
What is (-2 - (0 - -2)) + 39 + -32?
3
Calculate 51 + (35 - 71) + 4.
19
(0 - -6) + (-27 - (-27 + -15))
21
(-7 - -43) + 24 - 30
30
-30 + (-11 - (13 + -38)) - 13
-29
Evaluate -1 + -1 - -15 - (115 - 114).
12
Evaluate -12 + ((94 - 88) + (-12 - 0) - -8).
-10
0 + (-3 - (-10 + 9)) + -1
-3
Calculate 45 - 13 - 11 - 23.
-2
Evaluate -2 + 3 + -6 - (12 + 13 - 28).
-2
Evaluate 1 - ((-13 - ((-5 - 6) + 4)) + 4).
3
Calculate 5 + -16 + -4 + -5.
-20
What is -77 - -82 - (1 - -1)?
3
Evaluate (-4 + 17 - (-1 - 0)) + 5.
19
Evaluate 1 - 18 - (-3 + -7 + 8).
-15
Calculate 96 + -101 + -2 + 1 + 24 - -6.
24
What is the value of 15 + (-15 - 16) + (-4 - 2)?
-22
What is the value of 73 + -81 + (14 - 3)?
3
Calculate (-1 - (9 - 6 - 3)) + 47 + -28.
18
What is (1 - (2 + -3)) + (13 - (24 + -12))?
3
(1 - -13) + (-33 - (-60 + 37))
4
Evaluate ((-3 - -4) + -10 - (-2 - 1)) + -5.
-11
(13 - (-10 - -17)) + -9
-3
What is (-18 + 14 - -9) + -10?
-5
What is -33 + 5 + 37 + -30?
-21
-1 + 4 + (7 - 4) + -6 - 0
0
Calculate 2 - ((48 - 55) + (17 - 0)).
-8
What is the value of -38 - -36 - (1 + -2 + 8 + -13)?
4
-8 + -1 + (-7 - (-13 + 7))
-10
What is 0 + 22 - ((7 - -11 - 2) + -11)?
17
Calculate 25 - (4 + 14 + -11).
18
Evaluate -5 - (-7 + 6 + (-4 - 1)).
1
What is the value of 1 - 6 - (-289 + 267)?
17
Calculate -9 + -3 + -5 + 12.
-5
What is -22 - (-5 + 14 - (23 - 9))?
-17
What is the value of -1 + (-11 + 6 - -5)?
-1
-6 + (32 - 35) + -1
-10
Evaluate 4 + 11 + -6 + -4 + -3 + -1.
1
-2 + (-2 - -1 - 7) - (500 - 499)
-11
2 - -2 - (-4 - 5 - -4 - -6)
3
-13 + 39 - (-12 + 54)
-16
24 - (22 + -13) - 24
-9
11 + (1 - 9) - 1 - -10
12
What is 19 - (100 - 31) - -38?
-12
What is 12 - (-32 + 34 + -3 + 3)?
10
What is the value of 8 + -32 + -8 + 20 + -2?
-14
Calculate 5 + 0 + (13 + -29 - -12).
1
What is -4 + -10 + 2 + 6 + 1?
-5
What is 68 - 83 - (2 + 1 - 1)?
-17
-22 - (18 - (15 + 19)) - -34
28
(-1 - (0 - 7)) + -15 + -3
-12
What is -5 + 5 + (5 + -4 - -5)?
6
1 + 6 - (-11 + (16 - -9)) - -37
30
(30 - 20) + 3 + 0 + -3
10
Calculate -8 + 21 - (0 + -3 + 10).
6
Calculate -330 - -327 - (-7 - (1 - 0)) - 0.
5
Evaluate -1 + (-2 - (-14 + 0) - 2).
9
(-2 + 16 - (-8 + 28)) + -22
-28
Calculate (47 - 37 - (22 + -3)) + (-19 - -4).
-24
What is 19 - (30 - 7) - (0 + 11)?
-15
Evaluate (65 - (-2 + 29)) + -50.
-12
3 - (2 + -8) - 2 - 27
-20
Evaluate (-59 - -40) + (0 - -1).
-18
1 + 1 + -1 + 45 + (-38 - 8)
0
Evaluate 13 + 3 + 121 + -153.
-16
What is the value of 26 + -5 - (-4 + 42)?
-17
Evaluate -1 - (7 + 1 + -17) - 3.
5
(97 - 114 - (-3 + -20)) + 0 + -11
-5
What is the value of -49 - (-54 - 6 - -31)?
-20
(65 - (3 - -35)) + -32
-5
1214 + -1213 + 0 + -25
-24
What is the value of -5 + 4 - 3 - -18?
14
(-2 - -1 - 0) + 219 + -214
4
What is the value of (-2 - 11) + 81 + -46 + -1?
21
Calculate 1 + -20 + 14 + -10.
-15
Evaluate 2 + (0 - -3) + 1 + (-4 - -5).
7
What is 65 + -56 + -3 + -8 + 3?
1
What is the value of (10 + -40 - (3 + -19)) + 22?
8
(6 - 31) + 2 + 17
-6
What is the value of 17 + (-9 - (18 - 8))?
-2
Evaluate -21 + (8 - 3) - (-117 + 100).
1
Evaluate 1 + 1 + (-740 - -730).
-8
What is (2 - -89) + -17 - 38?
36
Calculate -4 + 2 + 6 + 2 + -29.
-23
What is (-4 - -16) + 7 + -14 - 0?
5
(-10 - (7 + -16 + 2)) + -2
-5
Calculate 10 + -1 - (6 - (-26 + 12)).
-11
What is 4 - (4 - 18 - (-12 - -3))?
9
What is the value of 0 + 8 + (205 - 207) - 10?
-4
Calculate (-3 + 3 - 5 - -5) + 1 + -10.
-9
What is the value of -1 - -17 - (-69 + 5 + 43)?
37
Calculate (-8 - -1) + 3 + (0 - -2).
-2
Evaluate -29 + 23 + (-27 - 1) - -15.
-19
What is the value of 14 - -1 - (102 + (55 - 138))?
-4
2 + -18 + (-9 - (-3 - 4) - -9)
-9
-30 + (-1 - 0) + 4034 + -4027 + 3
-21
-25 + 10 - -8 - (4 - (5 - 2))
-8
What is the value of -206 + 196 + (0 - -16)?
6
Evaluate -6 - -2 - (-23 - -10) - 22.
-13
Calculate 6 - (5 + (-13 - -8)) - 16.
-10
Evaluate 12 - (-11 + 45 + -15).
-7
What is 7 + -17 - -32 - 31?
-9
Calculate 0 - (-9 + -21 - -46).
-16
-105 + 102 + (-2 - (-10 - -2)) - 2
1
Evaluate -7 - (54 + -24) - -68.
31
Calculate (-2 - -8) + 1 + 1 + 1.
9
Calculate (-6 - 2) + 14 + -14 + 0.
-8
Calculate (7 - (-9 - (-45 + 16))) + 19.
6
Evaluate -26 + 22 - (24 + 4) - -14.
-18
-3 + -21 + 16 + -4
-12
Evaluate 2 + (-20 - (13 + -3)).
-28
What is the value of 58 - (37 + -37 + 35)?
23
What is 14 - (-16 - (-31 + 12))?
11
Evaluate -238 - -227 - (-18 + 0).
7
Calculate (-16 - -12) + -21 - -32.
7
-2 - 1 - (2 + 9 + (-9 - 17))
12
What is the value of -893 + 891 + 1 + 7?
6
What is (-5 - 1) + (-19 + 28 + -21 - -28)?
10
What is the value of (-1 - 7) + (-663 - -645 - (1 - 25))?
-2
What is 13 + (7 - (7 - -3))?
10
Calculate (-16 - -24) + (4 - 3) + -4.
5
What is the value of (-2 - -13) + (-163 - -143)?
-9
What is 15 + 0 - (-163 - -195)?
-17
-6 - (0 + 7 + 2 + -17)
2
What is 28 - (-13 + (9 - 5))?
37
2 + (10 - 2) + -17 + 9 + 12
14
Evaluate (-3 - -10) + (0 - (-3 + -9)) + -5.
14
(-16 + 5 - -11) + 0 - -8
8
2 + -1 + (-24 - (-10 - 4))
-9
Calculate -17 - (-20 + 2 + 6 + -20).
15
What is (74 - 43) + -89 + 18?
-40
Evaluate 6 - (9 + (-5 - -4) + 11 + -11).
-2
-9 + (7 + 27 + -10 - 9)
6
Calculate (-3 - -13) + -19 + (2 - -5).
-2
What is the value of -4 - (2 - (-1 - -9 - -6))?
8
Calculate 4 + 0 + (33 - 43) - (8 - 3).
-11
-15 + (21 - 4 - 6) + 19
15
What is the value of 26 - (32 - 17) - 10?
1
Evaluate -6 - -7 - (1 - -4) - -14.
10
What is the value of 4 + (-2 - 0) + 7 - (24 + 10)?
-25
What is (4 - 3) + 3 + (1 - -3) + 3?
11
Calculate (60 - 33) + 11 + -55.
-17
Evaluate -1 + (-13 - -1) + (-8 - (-5 + -5)).
-11
Evaluate 16 + -2 - ((20 - 10) + -10 + -2).
16
Evaluate 7 + 3 - ((-1 - -13) + -7 + -3).
8
Evaluate 